*v + 131112 = 7*v - 48. List the prime factors of v.
2, 5, 1093
Let m = -291 + 296. Suppose 3*i + 0*i = -5*h + 2317, 2*h - 923 = -m*i. What are the prime factors of h?
2, 29
Let z be -422*(0 + -1) - 5/1. Let h = z + 286. List the prime factors of h.
19, 37
Let t be 72/(-32)*40/(-15). Let i be -1*25 - 1*-2. Let c = t - i. What are the prime factors of c?
29
Let p be (-95)/(-38)*((-3)/(-5) - -1). Let n be (0 - 1)*-1 - (p + -6). Suppose o - 13 - 65 = -n*w, 5*o - 336 = 3*w. List the prime factors of o.
3, 23
Let a = 32366 + 1187. List the prime factors of a.
13, 29, 89
List the prime factors of (-9)/(-3) - -4 - (-48)/(-24) - -4337.
2, 13, 167
Suppose -4*v + 2*v = x - 7041, 3*v = 11*x + 10499. What are the prime factors of v?
2, 1759
What are the prime factors of 24 + -14 + -13 + 8232?
3, 13, 211
Let q(h) = -83*h + 13669. List the prime factors of q(55).
2, 569
Let j be 49/14 + (-2)/(-4). Suppose -b - 3*b - 10 = 2*w, -4*w + j = -4*b. What are the prime factors of w/(0 - -1) - -165?
2, 41
Suppose -4*d = 5*z - 23, -4*z = d - 17 + 3. Suppose c - 310 = -5*m, -5*m + 211 = d*c - 94. Suppose 0 = -3*u + 87 + m. List the prime factors of u.
2, 5
What are the prime factors of (24 - 37) + (-66)/18*-8799?
2, 3, 5, 43
Let f(h) = -109*h**2 - 23*h - 69. Let s(j) = j**2 - 2*j. Let o(y) = -f(y) - s(y). What are the prime factors of o(-3)?
2, 3, 7, 23
Let j(m) be the second derivative of 21*m**3/2 - m**2 - 15*m. Let k be j(-1). Let t = k + 145. List the prime factors of t.
2, 5
Let k = -1802 + 1806. Suppose 34 = y + 3. Suppose -101 = -5*c + k*o, -5*c + 140 = 4*o + y. What are the prime factors of c?
3, 7
Let p(c) = -11*c**2 + 145*c - 13. Let l be p(13). Let i(b) = 32*b**2 + 2*b. Let z be i(3). Suppose -l*r + 70 = -z. List the prime factors of r.
2, 7
Suppose 2*z = -27 + 23, 8*j = -2*z + 209188. List the prime factors of j.
79, 331
Let m(a) = 1906*a + 12710. List the prime factors of m(12).
2, 17791
Let v = -1654 - -4018. Let x = -1371 + v. What are the prime factors of x?
3, 331
Let q(h) = h**2 + 10*h + 23. Let k be q(-8). Suppose 675 + 298 = -k*a. Let b = 236 + a. What are the prime factors of b?
97
Let v(g) = -43*g + 2. Let i = -7 - -11. Suppose 0 = -0*t - 2*t - i. What are the prime factors of v(t)?
2, 11
Let h(l) = -344*l + 327*l + 197 - 203. Suppose 0 = 3*c - 1 + 13. List the prime factors of h(c).
2, 31
Let h(n) = n**3 - 8*n**2 + 4*n + 19. Let l be h(8). Suppose -l*t + 52*t = 190. List the prime factors of t.
2, 5, 19
Suppose 2*x - 122*m = -125*m + 100, -m - 116 = -2*x. Suppose -x*k + 52*k + 3216 = 0. What are the prime factors of k?
2, 3, 67
Let j = 9481 + 2180. List the prime factors of j.
3, 13, 23
Suppose -3*b - 3*h = -109908, 1954*b = 1956*b + h - 73272. List the prime factors of b.
2, 3, 43, 71
Suppose -597*p + 599*p = 4. Suppose -5*c - 3484 = -4*z + 1902, 2*c + 2692 = p*z. What are the prime factors of z?
2, 3, 7
Let h(c) = -5*c**3 - 3*c**2 - 38*c - 339. List the prime factors of h(-7).
5, 13, 23
Let u(m) be the first derivative of 3*m**4/8 + 11*m**3/3 - 9*m**2/2 + 30. Let h(s) be the second derivative of u(s). What are the prime factors of h(6)?
2, 19
Suppose 62*r + 35*r - 3374184 = -35*r. What are the prime factors of r?
2, 12781
Let d(r) = -2*r**3 + 306*r**2 + 812*r - 171. What are the prime factors of d(155)?
3, 7, 1409
Suppose -18*v = -21*v + 5*p + 6636, -2*p = v - 2201. What are the prime factors of v?
2207
Suppose s + 4*a - 14184 = 0, 76*s + 28374 = 78*s + 5*a. What are the prime factors of s?
2, 887
Let l = 87 - 79. Suppose -l*c + 5501 = -515. What are the prime factors of c?
2, 47
What are the prime factors of (-290)/29*-3656*1?
2, 5, 457
Suppose 4*f - m - 35901 = 0, -10684 = 3*f - m - 37608. List the prime factors of f.
47, 191
Suppose 0*j + 8095 = 30*j - 3275. What are the prime factors of j?
379
Suppose -110*j = -108*j - 7942. List the prime factors of (j/(-2))/11*-2.
19
Suppose 52*z + 75 = 57*z. Let m be 4*10/16*18/z. Suppose m = -t + 4*t, -3*t + 1058 = 5*o. What are the prime factors of o?
211
Let h(y) = 3*y**3 + 23 + 10*y - 4*y**2 - 4*y**3 - 3*y**2. Let o(f) = -219*f - 1105. Let c be o(-5). What are the prime factors of h(c)?
223
Suppose 49*f = 51*f - 416. Let o = -59 + -43. Let p = o + f. What are the prime factors of p?
2, 53
What are the prime factors of (364 - 665)/((-1)/175)?
5, 7, 43
Let t(a) be the third derivative of a**6/120 - 4*a**5/15 - a**4/24 + 10*a**3/3 - 25*a**2 - a. What are the prime factors of t(16)?
2
Let n(k) = k**3 + 8*k**2 + 7*k - 2. Let v be n(-5). Suppose -2*t = -c - v, 8*c = -5*t + 6*c + 95. Suppose 0 = -t*j - 0*j + 3610. List the prime factors of j.
2, 5, 19
Suppose g = -3, 3*i = 2*i - g. Suppose 3*n = v + 250, -n - 8 = -i*v - 94. Suppose 2*h = -3*u + n, -5*h + 3*u = -u - 150. What are the prime factors of h?
2, 17
Let v(r) = 4 - 20*r + 5*r + r - 8*r + 2*r**2. Let y be v(11). List the prime factors of -2*17/y*-2.
17
Let a(j) be the third derivative of j**5/5 - 23*j**4/24 + 12*j**3 + 170*j**2. What are the prime factors of a(4)?
2, 43
Suppose 30 = 3*d + 12. Let n be 7/(21/d)*(1 + 33). Let i = n + 22. What are the prime factors of i?
2, 3, 5
Suppose -2*b = -8 - 36. Suppose b*k = 2*k + 33880. What are the prime factors of k?
2, 7, 11
Suppose 11418 = -27*n + 33*n. What are the prime factors of n?
11, 173
Suppose 0*l + 4*l = -3*x + 623, -860 = -4*x + 2*l. Suppose x = -8*o + 3277. What are the prime factors of o?
383
List the prime factors of 3/((-742590)/247540 + 3) - (-3 - -3).
2, 12377
Let b(d) = -3*d**2 + 6*d + 3. Let u be b(-2). Let w be (-3 - -6)/(u/(-28)). Suppose w + 141 = r. What are the prime factors of r?
5, 29
Suppose x - 9514 = -12*i + 10*i, 5*i = -4*x + 38065. What are the prime factors of x?
2, 5, 7, 17
Let n(f) = f**3 + 28*f**2 - 47*f - 552. List the prime factors of n(-14).
2, 3, 5, 19
List the prime factors of (-544293)/(-72) + (-1 - (-77)/56).
2, 3, 5, 7
Suppose -73 = -6*v + v - k, -3*v = 2*k - 48. Suppose 0 = -2*r - 4 + v. Suppose 0 = 7*z - r*z - 184. What are the prime factors of z?
2, 23
Let b(q) = -162*q + 5*q**2 + 41*q**3 + 81*q - 9 + 75*q. List the prime factors of b(2).
3, 109
Let y = 53 + -53. Suppose 4*s = 5*k - y*s - 4, 5*k - 32 = -3*s. Suppose -336 = -4*m - 2*q + 102, -3*q + 441 = k*m. What are the prime factors of m?
2, 3
Let k be ((-2163)/(-35))/(1/5). Let w = k - 273. What are the prime factors of w?
2, 3
Suppose -5*p = 3*n, 0 = -20*n + 19*n + 4*p. Suppose 115*s + y + 639 = 116*s, -y + 2 = n. List the prime factors of s.
641
Suppose -10 + 4 = -3*x. Suppose -x*n + 2*i + 2134 = 0, -1047 = -n - 0*n + 5*i. Suppose 4*m + 4*m - n = 0. What are the prime factors of m?
2, 67
Suppose 5*m - 1979 = 2056. Let v = m + 101. What are the prime factors of v?
2, 227
Suppose 71 = 3*f + 5*x - 6*x, 5*f = x + 119. Let p = f - -120. What are the prime factors of p?
2, 3
Suppose -27*c + 2*y + 283552 = -22*c, 5*y + 56692 = c. What are the prime factors of c?
2, 3, 17, 139
Let y = -133 + 179. Let b(n) = 10*n**2 - 4*n - y - n + 59. What are the prime factors of b(5)?
2, 7, 17
Suppose -8*w - 19 + 139 = 0. Let x be (-7)/21 - w/9. List the prime factors of (12 - 10)/(x/(-340)*4).
5, 17
Let t be 261 + 1 + 2 + -3. List the prime factors of (-5 - -2)/(-3) + t.
2, 131
Let q(j) = -j**3 + j**2. Let g(o) = -5*o**3 + 6*o**2 + 3*o + 1. Let n(w) = g(w) - 6*q(w). Let y be n(2). What are the prime factors of 0 + 1 + 6*140/y?
3, 19
Let h(k) = 7*k**3 - 7*k**2 + 6*k + 43. What are the prime factors of h(10)?
19, 337
Suppose -23 = -4*w - 15. Suppose -w*t - 1795 = -7*t. What are the prime factors of t?
359
Suppose 0 = 18*s - 38070 - 46313 - 35551. What are the prime factors of s?
3, 2221
Let w(g) = -67*g + 4. Let u be w(-22). Suppose 11*b + 4*d = 14*b - 1101, -2*d = -4*b + u. What are the prime factors of b?
7, 53
Let r be (-4)/(-16)*6 + (-3)/2. Suppose r = -0*d + d - 424. List the prime factors of d.
2, 53
Let u(x) = -2*x - 20. Let d be u(-6). Let v be -7 - d - 6/3. List the prime factors of v/(((-9)/174)/3).
2, 29
Suppose 0 = -4*q + 2*g + 15584, 3*g = -g - 16. What are the prime factors of q?
2, 3, 11, 59
Let n(a) = 365*a - 2074. What are the prime factors of n(24)?
2, 3343
Let q = 259 - 262. List the prime factors of 6633/(-6)*2/q.
11, 67
What are the prime factors of 8/(-28) + (-102)/(-210) - 207176/(-20)?
3, 1151
Let s(u)